Suppose 3*w - 3*i = 96090, 30*w - 31*w + 4*i = -32039. List the prime factors of w.
32027
Let u(p) = -12*p**3 + p**2 - 75*p + 2. List the prime factors of u(-9).
2, 7, 97
Suppose 344836 + 23983 = 14922*s - 14911*s. List the prime factors of s.
33529
Suppose 4*l + l + 45 = -2*v, 4*v = -l - 9. What are the prime factors of (522/l)/((-2)/31)?
29, 31
Let r(t) = 2*t**2 + 2*t + 7. Let o be r(-3). Suppose 0 = -5*n + 4*p + 57, 3*n = p + 11 + o. What are the prime factors of 2/3 + 246/n?
2, 7
Let z be 15/6*(6 + -4). Let w(m) = m**2 - m + 5. Let p be w(z). Suppose y - 98 = p. List the prime factors of y.
3, 41
Let b(g) = -2*g**2 - 19*g - 50. Let h be b(-14). Let y = 356 + h. List the prime factors of y.
2, 3, 5
Let d = 1954 + -1037. Let s = d - 416. What are the prime factors of s?
3, 167
Let o(y) = -2*y + 18. Let l(x) be the second derivative of -x**3/2 + 19*x**2/2 + 11*x. Let t(f) = -3*l(f) + 4*o(f). What are the prime factors of t(-10)?
5
Suppose 47 - 221 = -3*o. Let l be 6/(-5)*5/2. What are the prime factors of (-2613)/(-27) + o/18 + l?
97
Let b(t) = t**3 - 6*t**2 + 41*t + 27. List the prime factors of b(23).
3, 41
Let w(p) = p**3 - 3*p**2 + 5*p - 10. Suppose -5*v = -4*x + 178, 3*v + 3*x = -x - 94. Let m = v - -38. What are the prime factors of w(m)?
2, 13
Let i = 261 - 256. Suppose -i*t + 1612 + 1048 = -u, -5*u = -4*t + 2128. List the prime factors of t.
2, 7, 19
Let m(j) = 1052*j**2 - 34*j - 28. What are the prime factors of m(4)?
2, 3, 463
Let o(s) = 1272*s**3 - 633*s**3 - 11*s + 2*s**2 + 9 - 638*s**3 + 6. List the prime factors of o(6).
3, 79
Let b be 23/8 - 3/(-24). Suppose 2148 = b*n - 477. List the prime factors of n.
5, 7
Suppose -47 - 292 = -3*q. List the prime factors of q - -1 - (-55 - -50).
7, 17
Suppose 0 = 49*a + 484 + 496. Let y = 1125 - a. List the prime factors of y.
5, 229
Let j be (1 - 22/6)/(22/(-2409)). Suppose j*t + 1323 = 295*t. What are the prime factors of t?
3, 7
Let x = 576 + -654. What are the prime factors of ((-364)/x)/((-3)/(-738))?
2, 7, 41
Let s(n) = 6*n**2 + 19*n + 5. Let m(w) = -7*w**2 - 20*w - 6. Let c(i) = -5*m(i) - 6*s(i). Let g = -304 + 298. What are the prime factors of c(g)?
2, 3
Let r(s) = s**2 - 8. Let f(w) = 2*w**2 + w - 7. Let a = 41 + -43. Let h(k) = a*r(k) + 3*f(k). What are the prime factors of h(-5)?
2, 5
Suppose 6*l + 202329 = 18*l - 3*l. List the prime factors of l.
22481
Let l = 0 + 4. Suppose l*m - 184 = -3*n + 74, -3*n = -5*m + 336. Suppose -4*x + m = -x. List the prime factors of x.
2, 11
Suppose 29*h - 12*h + 17 = 0. What are the prime factors of 4 + (-1515)/(h + -4)?
307
Let r = -56 + 69. Let u(n) = 2*n - 19. Let i be u(r). Let k = i - -6. List the prime factors of k.
13
Suppose -38 = -12*b + 10. Let i be 2*4 + (14 + -6 - b). Suppose i - 40 = -4*l. List the prime factors of l.
7
List the prime factors of 0 + -3 + -1 + 1 - 684872/(-59).
5, 11, 211
Suppose s + 6 - 1 = 0. Let t(l) be the first derivative of -l**4/4 - l**3 - 3*l**2/2 + 10*l - 4. What are the prime factors of t(s)?
3, 5
Let z(n) = 119*n**3 - n**2 - 2*n - 2. Let r be z(-1). Let a = -68 - r. Suppose -3*y - 16 = -a. What are the prime factors of y?
2, 3
Suppose -m - 30 = -o + 4*m, -3*m - 15 = 0. Suppose 6*u - u + 10 = 0, 3*u = o*s - 266. What are the prime factors of s?
2, 13
Let c(m) = 1200*m + 230. List the prime factors of c(9).
2, 5, 1103
Let w = 2866 - 1168. Suppose 34*y = 580 + w. What are the prime factors of y?
67
Let y = -1800 + -686. Let z = -1740 - y. List the prime factors of z.
2, 373
Suppose 12*d - 736 = -4*d. Suppose -d*l + 3912 = -34*l. What are the prime factors of l?
2, 163
Let v(k) = -6*k**3 + 686*k**2 - 89*k - 154. List the prime factors of v(114).
2, 3923
Suppose 0 = 22*z - 564256 - 71192. List the prime factors of z.
2, 3, 29, 83
Let x(l) = 2*l**3 + 10*l**2 - 79*l + 869. What are the prime factors of x(13)?
2, 2963
What are the prime factors of -6 + (-100)/(-25) + 21988?
2, 10993
Let b(g) = 3289*g - 9. Let j be b(-1). What are the prime factors of j/(-5) - 96/160?
659
Let t(v) = -16*v + 85. Let i be t(5). Suppose i*p - 329 = 401. What are the prime factors of p?
2, 73
Suppose 105*o - 109*o + 15966 + 111770 = 0. What are the prime factors of o?
2, 7, 2281
Suppose -21*i + 26*i - 20 = 0. Let d be -33*(i/(-1) - -1). Suppose 0 = -10*s + 7*s + d. What are the prime factors of s?
3, 11
Suppose 4*i + 4*s = 2808 + 13960, 5*s - 4180 = -i. List the prime factors of i.
5, 839
Suppose -3 = j + z, -2*j + 0*j = -4*z - 12. Suppose 2*p - 3*r + 8*r = 809, j = p - 2*r - 409. What are the prime factors of p?
11, 37
Let s(z) = 4329*z - 258. What are the prime factors of s(2)?
2, 3, 5, 7
Let n = -266 - -269. Suppose -570 = -n*s + 819. List the prime factors of s.
463
Let d(u) = -7*u + 5. Let q = -49 - -46. Let g be d(q). Suppose -g - 11 = -p + s, -p = -4*s - 25. List the prime factors of p.
41
Suppose 29*i = -87*i + 781144. What are the prime factors of i?
2, 7, 13, 37
Let k = 26589 + -18692. List the prime factors of k.
53, 149
Suppose -152*g + 53569 = 13745. List the prime factors of g.
2, 131
Let f be 7/((-4)/168*3). Let i = -72 - -216. Let o = f + i. List the prime factors of o.
2, 23
What are the prime factors of 23510 + (4 - 2) + (8 - 4)?
2, 5879
Let o be (-1 - 0)/((-1)/717). Let m be (260/208)/(-2 + (-53)/(-24)). What are the prime factors of o*((-4)/m)/(-2)?
239
Let o(x) be the first derivative of -3*x**4/4 + x**3/3 + x - 5. Let l be o(1). List the prime factors of 228/16 - l/(-4).
2, 7
Let b be -6*(-10)/(-4) + 16 + -17. Let l = b + 21. What are the prime factors of 2673/15 + 4/l?
179
Suppose 0 = -927*k - 920*k + 1851*k - 103996. What are the prime factors of k?
25999
Suppose 0 = 10*l - 3*l - 3829. Suppose 0 = o - 184 - l. What are the prime factors of o?
17, 43
Suppose -2*c = 17 + 475. Let t = -75 - c. List the prime factors of t.
3, 19
Suppose -5*b + l = 230 - 61, 49 = -b + 4*l. List the prime factors of (-3 - 765/b) + 32/(-176).
2, 5
Let k(t) = 10*t**2 + 21*t + 34 + 3*t**2 + 0*t**2 + 0*t. List the prime factors of k(-8).
2, 349
Suppose -4*a = -d + 63863, 75*d - 191512 = 72*d + a. List the prime factors of d.
5, 17, 751
Suppose 0 = -z - z + 10. Suppose -h + 41 + 43 = -o, 0 = -5*o - z*h - 420. Let l = o - -204. List the prime factors of l.
2, 3, 5
Let f = 22 + -19. Suppose 3*h - f*u - 51 = 0, 2*u + 3*u - 20 = -2*h. Suppose 90 = 3*z - 5*b - 27, 5*b = h. List the prime factors of z.
2, 11
Let k(y) = 2*y**2 + 81*y - 131. What are the prime factors of k(54)?
5, 13, 31
Let s = 10281 - 2732. What are the prime factors of s?
7549
Suppose -9741 - 53871 = -124*t. List the prime factors of t.
3, 19
Let h(o) = o**2 - 7*o - 6. Let v be h(8). Suppose 0*f - v*f - 6 = 0, 5*f + 35 = 4*b. Suppose b*x - 393 = 72. What are the prime factors of x?
3, 31
List the prime factors of (1088/(-256))/(2/(-1440)).
2, 3, 5, 17
Suppose -5*n = 2*l - 39, -n = 3*l - 0*l - 26. Suppose 18*x = l*x + 638. What are the prime factors of x?
2, 29
Suppose -y + 11*v = 7*v - 57606, -3*y + 172946 = 4*v. What are the prime factors of y?
2, 7, 23, 179
Suppose 0 = -18*u + 25194 - 3072. Suppose -4*y = -u - 991. List the prime factors of y.
3, 5, 37
Let n(l) = 134*l**2 + 1046*l + 1. What are the prime factors of n(-13)?
9049
List the prime factors of 36/(-24) - (60249/6)/(-7).
1433
Let y(d) = 18*d - 111. Let p be y(6). Let m(w) be the first derivative of -15*w**2/2 + w - 3. What are the prime factors of m(p)?
2, 23
Suppose 153 = 7*f + 629. What are the prime factors of 18/12*f/(-3)?
2, 17
What are the prime factors of ((-664)/7)/(156/(-8736))?
2, 83
Suppose -19259 = -4*m - q, -2*q - 19258 = -4*m - 4*q. What are the prime factors of m?
3, 5, 107
Suppose -3*v = -9*v + 24. Suppose -5*h + 5*w = 30, 7*h = 4*h - v*w - 18. List the prime factors of (h + 9 - 45)/(-2 - -1).
2, 3, 7
Let s = 6797 + -1199. List the prime factors of s.
2, 3, 311
Suppose 28 - 4 = 4*h. Suppose -5*w + 5*g + 95 = 0, -g + 7 + 2 = w. What are the prime factors of -883*(-1)/h - w/84?
3, 7
Let z = 103 - 124. Let n(q) = -3*q + 131. What are the prime factors of n(z)?
2, 97
Suppose -49*x + 47*x = 38. Let h(o) = o**3 + 21*o**2 - 9*o + 10. List the prime factors of h(x).
3, 7, 43
Let a = 5949 + -2460. Let x = a + -2435. What are the prime factors of x?
2, 17, 31
List the prime factors of (4510/164)/(3/714).
5,